 are the prime factors of w?
5, 13
Let z = -14 + 21. Suppose 0 = -z*a + 5*a + 34. List the prime factors of a.
17
Suppose -4*k + 20 = 0, 4*q - 25 = -q + k. Let o be (q/(-2) - -1)*1. What are the prime factors of (1/2)/(o/(-24))?
2, 3
Suppose 3*k = -2 + 83. Suppose -y - 11 = -k. What are the prime factors of y?
2
Let c(o) = -10*o**2 - 4 + 4 + 1 + 5*o**3 + 4*o. Let b(s) = s**3 - s**2. Let f(t) = 4*b(t) - c(t). What are the prime factors of f(5)?
2
Let o(a) = -a**3 + 6*a**2 + 4*a + 6. Let w(u) = -u**3 + 4*u**2 + 7*u - 4. Let c be w(5). Let s be o(c). Suppose 5*n - 25 = s. What are the prime factors of n?
11
Suppose 4995 = 9*w + 6*w. What are the prime factors of w?
3, 37
Suppose i + 0*i = 113. List the prime factors of i.
113
Let w be (2 - 4)*1/(-2). Suppose -1 - w = -n. Suppose n*i - i = 12. What are the prime factors of i?
2, 3
Let u be 362/(-4) + 4/(-8). Let t = 62 + u. Let j = t - -40. What are the prime factors of j?
11
Let j be (-1 - (-9)/(-6))*6. What are the prime factors of 2 - (-5)/(j/(-24))?
2, 5
Let d(u) = 2*u**2 - 2*u - 9. What are the prime factors of d(-4)?
31
Let v(p) = -p - 12. Let t be v(-5). Let j(z) = -3*z - 4. List the prime factors of j(t).
17
Let d(q) be the first derivative of 7*q + 1/2*q**2 - 1. List the prime factors of d(0).
7
Suppose -s = 5*z - 23, 2*s = -5*z + 2 + 19. What are the prime factors of ((-7)/s)/((-7)/(-28))?
2, 7
Let j = -22 + 176. What are the prime factors of j?
2, 7, 11
List the prime factors of (-47)/(-3)*(-9 + 12).
47
Let s(b) = -6*b**3 - 11*b**2 - 6*b + 8. List the prime factors of s(-4).
2, 3, 5
Let f = -1 + 3. Suppose -f*o - 4*g = -2, 2*o - 35 = -o + 2*g. What are the prime factors of o?
3
Let h(f) = 44*f. List the prime factors of h(3).
2, 3, 11
List the prime factors of (-9 + 11)/(4/26).
13
Let d = 5 + -2. Suppose 5*g = 3*w + 45, -2*g + 4*w = -d*g + 32. Suppose 3 + g = 3*k. What are the prime factors of k?
5
Suppose -t = -3*t + 12. Let x be (t/(-4))/((-1)/(-2)). What are the prime factors of (9/4)/(x/(-8))?
2, 3
Suppose -2*w - 6 = -4*w. What are the prime factors of (2 - 3/w) + 2?
3
Let u be 2*(-1 - 0) + 4. Let d = u + -1. What are the prime factors of d/3 - 28/(-6)?
5
List the prime factors of 54/9 + 4*1.
2, 5
Let h be -1 + 16 - (9 + -7). Suppose -h = -5*n - 133. List the prime factors of (2/(-4))/(2/n).
2, 3
What are the prime factors of ((-13)/2)/((-8)/80)?
5, 13
Let l = -6 + 3. Let q be l - -1 - (-2 + 2). List the prime factors of (3/3)/(q/(-24)).
2, 3
What are the prime factors of 4/(-18) + 3925/45?
3, 29
Let n(i) = -i**2 + 8*i - 3. Let b be n(7). Let d = b + -2. List the prime factors of d.
2
List the prime factors of ((-40)/(-3))/((-2)/(-21)).
2, 5, 7
Let t(r) = r + 4. Let h be t(-9). Let z(n) = -n**3 - 3*n**2 + 6*n + 5. What are the prime factors of z(h)?
5
Suppose -96 = -2*k + 5*k. Let q = -6 - k. What are the prime factors of q?
2, 13
Let r(v) be the third derivative of -v**5/60 + v**4/3 + v**3/2 - 4*v**2. What are the prime factors of r(6)?
3, 5
Let c(y) = y**3 - 8*y**2 + 9*y + 4. Let u(o) = -2*o - 5. Let w be u(-6). What are the prime factors of c(w)?
2, 3
Suppose 25 - 85 = -2*s. List the prime factors of s.
2, 3, 5
Suppose 5*g + 5 = -0*g. Let k be 1 + (g - (-3 + 0)). What are the prime factors of (k - 4)*(-12 - -2)?
2, 5
Let i(o) = o**3 - 7*o**2 + 7*o - 5. Let j be i(6). Let m be (-26)/(-4)*(3 - j). Suppose 2*a + 3*a + 2*b = 70, a - 5*b = -m. List the prime factors of a.
2, 3
Let g(p) = 2*p - 4. Let d be g(4). List the prime factors of ((-10)/(-4) - -1)*d.
2, 7
Suppose -3*z + 0*k + 8 = 2*k, 5*z = -4*k + 14. What are the prime factors of z/10 + (-236)/(-20)?
2, 3
Suppose 5*v + 25 = -j, -v - 5 + 0 = -j. Let q = -4 - v. Let p = q - -6. List the prime factors of p.
7
Let l be (1 + -2)/(2/4). Let k(s) = s**3 - s + 2. Let w be k(l). Let g(x) = x**3 + 3*x**2 - 6*x - 2. List the prime factors of g(w).
2, 3
Let w(i) = 19*i + 54. What are the prime factors of w(5)?
149
Suppose -x = 0, -2*i - 2*x + 1251 = i. What are the prime factors of i?
3, 139
Suppose -o + 41 = 2*z, 3*o - 102 = 3*z - 2*z. What are the prime factors of o?
5, 7
Let j be (-1 - -1)/(-2 + 3). Let k = j - -7. List the prime factors of k.
7
Suppose -8*u - 46 = -118. List the prime factors of u.
3
Let q(c) = c**3 + 16. Let p be q(0). Suppose p = -0*j + 4*j. Suppose -z + 9 = k - 4*z, 0 = -j*z + 4. List the prime factors of k.
2, 3
Let w = 94 - 85. Suppose 2*f - 261 = -5*l - 2*f, 5*l - f = 266. Suppose 5*j + w = -m, 0 = -0*m + 3*m - 5*j - l. What are the prime factors of m?
11
Let w(g) = -g**3 + 5*g**2 - 5*g + 2. Suppose -5 + 2 = -o. List the prime factors of w(o).
5
Suppose -3*p + 4*z = 2*z - 7, -2*p + 9 = 3*z. Suppose -k - p*k + 44 = 0. Suppose -5*j + k = -4. What are the prime factors of j?
3
Suppose 15 = t - 13. Let f = -11 + 1. Let x = t + f. List the prime factors of x.
2, 3
Let z(u) = -u - 1. Let c be z(-3). Suppose o = -c*o + 39. Suppose d - 2*d + 3*l + 13 = 0, -o = -3*d - 4*l. List the prime factors of d.
7
What are the prime factors of 6/27 - 466/(-9)?
2, 13
Suppose -4*i + 22 = 3*g, -2 + 0 = -2*i + 3*g. Let j be (-1)/((-1)/i) - 0. Suppose 2*q - 9 = 4*k + k, 4*k - j = -4*q. What are the prime factors of q?
2
Suppose -5*b + 496 = 161. What are the prime factors of b?
67
Let r(g) = 4*g - 2. Let s(y) be the second derivative of y**2/2 + y. Let a(o) = -r(o) - 2*s(o). List the prime factors of a(-1).
2
Let t(i) = -i**2 + 8*i + 10. Let p = -6 - -15. Let j be t(p). What are the prime factors of -2 - (-2 + -1 - j)?
2
Let w(f) = f + 13. Let d be w(-8). Suppose -d*n - 110 = 185. List the prime factors of 1/3 - n/3.
2, 5
Suppose -4*c + 5*k + 96 = k, 2*c - k = 44. What are the prime factors of c?
2, 5
Let m = -28 - -40. Suppose m = 2*i + 2*x, -2*i - x = -3*i + 14. List the prime factors of i.
2, 5
Let g be 3 + -3 - 10/(-1). Let z = g - 5. Let n = 0 + z. What are the prime factors of n?
5
Suppose 169 + 293 = 2*s + 2*t, -2*t = s - 232. List the prime factors of s.
2, 5, 23
Suppose 3*n - r - 716 = 0, 0 = -2*n + 3*r - 6*r + 470. List the prime factors of n.
2, 7, 17
Let x = -71 - -144. Let r = x - 39. What are the prime factors of r?
2, 17
Let n = -4 - 2. Let p = n + 13. What are the prime factors of p?
7
Let b = 2 + 2. List the prime factors of 46/b + 3/(-6).
11
Suppose 34 = 3*p - 35. List the prime factors of p.
23
Let m(s) = -3*s**3 + s**2 + 5*s - 2. Let q be m(4). Let d = 94 + q. Let u = -44 - d. List the prime factors of u.
2, 5
Suppose m - 26 - 42 = 0. List the prime factors of m.
2, 17
Suppose -5*g + g + 4 = 0. Suppose 2*w - 30 = -4*p, -p - w - g = -6. Suppose -2*j - j + 3 = 0, p = l + 3*j. What are the prime factors of l?
7
Suppose 5*x - 5 = -5*p, -4*p - 2*x = -3*p + 1. Suppose -p*o = -4*o. Suppose 3*f - f + 3*q - 16 = o, -f - 4*q + 13 = 0. List the prime factors of f.
5
Let s(p) = -5*p - 1. Let w(r) = -r**3 - 5*r**2 + 7*r - 1. Let h be w(-6). List the prime factors of s(h).
2, 17
Let b be (4/(-8))/(3/(-24)). Suppose 0 = y + b*c - 41, 0*c - c = -2*y + 55. What are the prime factors of y?
29
Let l(a) = -72*a + 2. Let f be l(2). Let g = -68 + f. List the prime factors of (g/(-40))/(2/8).
3, 7
Suppose 0*m = 3*m - 2*a - 17, a = -5*m + 11. Let i be (1/m)/(4/60). Suppose i*j - 35 = -0. List the prime factors of j.
7
What are the prime factors of (38 - 14)*-1*(-17)/3?
2, 17
Suppose 4*c - 148 - 52 = -5*x, -4*c + 240 = -5*x. What are the prime factors of c?
5, 11
Let h(v) = -6*v - v + 3*v**2 + 7 - 1 - 2*v**2. Let m be h(6). Suppose -s + 3*l + 19 = m, -s = 3*l - 0 - 1. What are the prime factors of s?
2, 5
Suppose -f + 17 = 4*g, -2*f - 3*g = f - 6. Let k = f - -12. What are the prime factors of k?
3
Suppose -3*w = -0*w + 30. Let p be -5 - w - 2/(-2). Suppose p + 18 = 3*x. List the prime factors of x.
2
Let v(x) = x**2 - 6*x + 9. List the prime factors of v(6).
3
Suppose 7*x = 9*x - 6. Suppose -2*z + 12 = 4*i, 0*z + i - x = -2*z. Suppose -2*b + b + 7 = z. List the prime factors of b.
7
Let w = 132 - 75. Let x be (-2)/(-6)*w/(-1). Let d = x - -32. List the prime factors of d.
13
Let i = -22 - -16. List the prime factors of ((-12)/i)/((-2)/(-14)).
2, 7
Suppose -2*x = 3*x - 120. Suppose -2*v + x = 2*v. List the prime factors of v.
2, 3
Let v(p) = -p**2 + 10*p + 12. What are the prime factors of v(6)?
2, 3
Let p = 944 + -661. List the prime f